*o = 4*d - o + 12. Let p(m) = d*m - 4*m + 4 - m - m**2. Is p(-5) a prime number?
False
Suppose -681 = -b - 4*y, -y + 1390 = -7*b + 9*b. Is b composite?
True
Suppose o + 0*o = 2. Suppose -o*r = -2*p + 38, -4*p + 2*r + 35 = -33. Is p a composite number?
True
Is (-14)/56 - 713/(-4) a prime number?
False
Let x = -10 - -12. Is 23 - 0*x/(-6) a prime number?
True
Let r(f) = 50*f**2 - 5*f + 1. Is r(2) a composite number?
False
Let p = 1 - 0. Let o be (-7)/(-2)*(p - -5). Is (7/o)/(2/222) composite?
False
Is 0 - -91 - (-5 + 5) prime?
False
Let c(z) = 916*z + 3. Is c(1) a prime number?
True
Is (155 - -11) + 0 + 0 composite?
True
Let a(o) = 52*o + 3. Is a(4) prime?
True
Let c = -56 + 54. Let m(d) = 66*d**2 + 0 + 3 + d + 3*d. Is m(c) a prime number?
False
Suppose 6*v = 11*v - 1055. Is v prime?
True
Let g = -92 + 295. Is (2 - -2)*g/4 composite?
True
Let l be (0 + 1)*2 - -1. Let m = l + -1. Suppose -242 = -m*h + 5*r, -2*r + 405 = 3*h + r. Is h prime?
True
Let z(k) be the third derivative of -k**6/120 + 11*k**5/60 - k**4/8 - 5*k**3/6 - 2*k**2. Suppose 3 = -n + 9. Is z(n) a composite number?
False
Suppose 6 = -g - 10. Let m = g + 47. Is m a prime number?
True
Suppose -3*k + 3*j = 6, 0 = k + 2*k + 5*j - 18. Let x(w) = -2*w - 2*w + 1 + 2*w + 21*w**3 + 0*w + w**2. Is x(k) a prime number?
False
Let h(d) = -8*d - 9. Let r = -18 + 6. Is h(r) a prime number?
False
Let s(a) = 111*a**3 - 4*a**2 + a + 3. Is s(2) a composite number?
False
Let a = 12 + -8. Let g be -10*(10/a)/(-5). Suppose 67 = 3*x - 2*r, 2*x + 10*r = g*r + 32. Is x a composite number?
True
Let f = 56 - -321. Is f a prime number?
False
Suppose x - 5*y + y - 14 = 0, 3*x = -3*y - 3. Suppose i - 2 = 4*f, x*i - 7 = f + 4*f. Is (4/2)/(i/237) a prime number?
True
Suppose 3*g + 5 = 4*g. Suppose g*z - 107 = -42. Is z prime?
True
Let z = 2553 + 3206. Is z a prime number?
False
Let p be ((-34)/(-6))/((-1)/(-6)). Suppose -4*f - 2*i = 2*i - 200, -5*i - 220 = -5*f. Let v = f - p. Is v prime?
True
Let m be 3*(-1)/(-2)*506. Suppose -5*j = -2*j - m. Is j a composite number?
True
Suppose -6*t + 6 = -3*t. Let j(i) be the third derivative of i**6/120 + i**5/20 - i**3/6 - i**2. Is j(t) a composite number?
False
Is -2 - (-132 - -7) - 4/2 a composite number?
True
Let m be (-5140)/(-15) + 1/3. Suppose -p = 3*x + m, -p = 4*x - 4*p + 453. Let g = -37 - x. Is g a composite number?
True
Suppose -39 = -0*q - 3*q. Let h = -7 + q. Is h a composite number?
True
Let d(x) = 70*x + 7. Let p be d(6). Suppose -2*j - 3*j + 5*i + 720 = 0, 0 = 3*j + 2*i - p. Is j a composite number?
True
Is 1428/10 + 1/5 prime?
False
Let l(r) = -33*r**2 - 9. Let q(y) = 16*y**2 + 5. Let v(t) = -6*l(t) - 11*q(t). Is v(-2) a composite number?
True
Let w be (2 - (2 - 0))/2. Suppose 3*r + 2 - 11 = w. Suppose r*n - 4*k = -k + 270, -2*n + 3*k = -179. Is n a prime number?
False
Suppose -75 = 5*y - v + 40, v = -5. Let r be 104/(-6)*y/(-16). Let w = 48 + r. Is w prime?
False
Let s = -7 + 9. Let x be -1*(1 - (s - 1)). Suppose -g - g + 66 = x. Is g prime?
False
Suppose 3*x = 8*x - 35. Let f(v) = -v**2 + 7*v + 3. Let h be f(x). Is (2 - h)*(-21 + 0) composite?
True
Let j(k) = -18*k**2 - k + 1. Let i(x) = 35*x**2 + 2*x - 3. Let g(q) = 3*i(q) + 5*j(q). Is g(2) prime?
False
Let u be 498/(1 + 1)*1. Suppose 3*b - u = 114. Is b a prime number?
False
Let c be (6 + 2/(-1))*-7. Let q be 9/15 - c/(-5). Let a(u) = -4*u + 1. Is a(q) a prime number?
False
Let g(d) = d**3 + 3*d**2 - 3*d - 6. Let k be ((-12)/15)/(2/10). Let p be g(k). Is (p/(-4))/(3/18) a prime number?
False
Let z be (-12)/54 + 94/18. Suppose 0 = 4*l + 3*u - 1042, -z*l - 5*u + 1036 + 269 = 0. Is l prime?
False
Suppose -3*i = -0*i - 1437. Is i composite?
False
Let y(q) = -q + 1. Let g be y(-6). Suppose -g*z + 2*z = 3*x - 1570, -1288 = -4*z + 4*x. Is z a prime number?
True
Let t(p) = -3*p**2 + 10*p + 4. Let y(g) = g**2 - g. Let s(u) = -t(u) - 4*y(u). Let d be s(-4). Suppose -d*k + 7 = -33. Is k a composite number?
True
Suppose 0*u + 13 = -u - 3*o, -23 = -4*u + 3*o. Suppose 3*j - 2*c + 1 - 5 = 0, 2*c = -3*j + 8. Suppose j*t - 57 = -5*s, 3*s = -2*t - u*t + 93. Is t composite?
True
Let i(n) = n**2 - n + 2. Let w be i(0). Suppose 61 = w*z - 3*z. Let y = z + 94. Is y composite?
True
Suppose -4 = -2*i - h, 5*i - 2*i + 4*h = 1. Suppose 2*g = 0, -i*g + 45 = -5*n + 2*g. Is (-114)/2*6/n a prime number?
False
Let n(c) = c**2 - c - 1. Let k(m) = -17*m**2 - 4*m - 7. Let p(b) = -k(b) + 2*n(b). Is p(4) a composite number?
False
Suppose -1243 = -5*k + 4*k. Is k a composite number?
True
Suppose 3*z = 12, -5*d + 2*z - 6*z = -1426. Let s = 589 - d. Is s composite?
False
Let z(l) = -l**3 + l**2 + l + 15. Is z(0) prime?
False
Is 2150/3 + 0 + 4/3 a composite number?
True
Suppose -2*q + 222 = 2*n, -3*n = -q - 205 - 136. Is n composite?
False
Let p = 13 - -38. Suppose 3*m - 5*w = -3*w + 153, 4*w = m - p. Is m a prime number?
False
Let q be ((1 - 0) + -2)*-101. Let h = q + -52. Is h a prime number?
False
Let t(u) = 4*u**2 + 10*u - 13. Is t(-9) prime?
False
Suppose -2*c - c = -963. Is c a composite number?
True
Let d = 9 - 15. Let b(j) be the second derivative of j**4/6 - 2*j**3/3 - 7*j**2/2 - j. Is b(d) prime?
True
Is 134/(12/(-7) + 2) a prime number?
False
Suppose -1194 = -5*k - 149. Is k composite?
True
Suppose -3*n + 52 = -n - 5*u, -29 = -n + 4*u. Is n a prime number?
False
Suppose 0 = -j - 2*j + 12. Suppose -k - j*k + 410 = 0. Is k prime?
False
Suppose 5*u = 3*u. Let k be (-1 + 4/2)*0/(-14). Suppose -l + k*l = 2*w - 29, u = 5*l - 3*w - 158. Is l a prime number?
True
Let g = -138 - -323. Is g prime?
False
Suppose 7801 = 5*o + 3*m, 6226 = 4*o - 3*m - 2*m. Is o prime?
True
Suppose 0 = 4*b - 18 + 6. Suppose b*z = -0*z + 1011. Is z a prime number?
True
Is 3*(-1)/(-1) - -23 a prime number?
False
Let c = 2568 - 1525. Is c a composite number?
True
Let w(o) = -o**3 + 11*o**2 + o + 6. Let b be w(11). Let j = 24 - b. Is j a prime number?
True
Let f(i) = 160*i**2 - 1. Let o be f(-1). Suppose -8*p = -5*p - o. Is p prime?
True
Suppose -14346 - 4664 = -10*d. Is d a composite number?
False
Suppose 0 = 5*q - q + 3*l + 8, l = -4. Let s(k) = 0 + q + 38*k - 2. Is s(1) a composite number?
False
Is (-63)/(-6)*376/12 a composite number?
True
Let n(i) = 1 + 1 - i - 4. Let d be n(-7). Suppose 3*j - d*y = -j + 33, 5*j + 4*y = 31. Is j composite?
False
Suppose 4*v + 4*z - 576 = 0, 3*v - z = -2*v + 726. Is v prime?
False
Suppose -4*z = 2*s + 50 - 318, 4*z - 2*s - 268 = 0. Is z a composite number?
False
Suppose -410 = -12*r + 7*r. Is r composite?
True
Let p be (-102)/4*(-8)/6. Let h = 11 - -25. Suppose 5*o = p + h. Is o prime?
False
Let d be (-1)/((-2)/10 + 0). Suppose -d*m + 191 = t, 0*m - 4*t = -4*m + 172. Is m a composite number?
True
Suppose -j = 314 + 1052. Let z be 3 - 1/(2/j). Suppose 2*l = 4, 3*g - l - z + 253 = 0. Is g composite?
True
Suppose -3*j - 2*j - 20 = 0. Let n be (5/j)/(2/(-8)). Let u(g) = 5*g**2 - 8*g + 4. Is u(n) a prime number?
True
Let o(q) = 130*q**2 + 2*q - 1. Is o(6) a prime number?
True
Let u(r) = -2*r + 9. Let q be u(5). Is ((-170)/4)/(q/2) a composite number?
True
Suppose 4642 = 4*q + 2*o, 4*q + 2*o - 4657 = 3*o. Is q prime?
True
Let r = -3309 - -2003. Let u = -741 - r. Is u prime?
False
Suppose 0 = -17*b + 12*b + 935. Is b a prime number?
False
Suppose -2*o + 3 = 1. Let w be (1 + 1 - o) + 11. Suppose 4 + w = l + s, 10 = -2*s. Is l composite?
True
Let h(i) = -i - 1 + 2*i + 6*i**3 + 12*i**3. Is h(2) prime?
False
Let w = 14 - -187. Is w prime?
False
Let q = -10 - -2. Let g = -2 - q. Let u = g + 4. Is u composite?
True
Let k = 1 + 1. Let g(u) = 7*u**2 - 4 - 3 - 3*u - 2*u**k + 0. Is g(7) a composite number?
True
Let j(s) = -s**3 + 4*s**2 - 2. Let i be j(2). Suppose i*x - 12 = 3*x. Is x composite?
True
Let s be 102/(-8) + (-11)/44. Let j = 20 + s. Is j a composite number?
False
Let q be 161 + 2 - (6 + -3). Suppose -5*b = 115 + q. Is (-1)/1 - (b - -1) prime?
True
Let a = -33 - -68. Suppose -4*j + 473 = -a. Is j a prime number?
True
Let h(l) = -2*l**3 - 1. Let j = 9 - 12. Is h(j) composite?
False
Let v(f) = 2*f. Let h be v(4). Suppose -2*k = -0*k - h. Suppose 112 = 2*x - 2*u, k*x + 2*u = x + 153. Is x a composite number?
False
Let u = 33 + -60. Is 2/(-9) + (-4029)/u a composite number?
False
Is (-103)/2*(-3 + 2/2) prime?
True
Let d(x) = 1256*x - 1